= -138 + 107. Let l = 96 + o. What is the tens digit of l?
6
Let a(f) = 6*f**2. Let d be a(-1). Let q be (-255)/6 + 1/2 - 3. What is the units digit of (-18)/27*q/d?
5
Suppose -916 = -3*x + c, -3*x + 5*c + 1411 = 515. Let a = x - 111. What is the tens digit of a?
9
Let l be ((-242)/(-5))/1 - (-180)/(-450). Suppose 4*c + l*y - 2832 = 50*y, 2*y - 3549 = -5*c. What is the hundreds digit of c?
7
Let s be (-2)/9 + -11*12/(-594). Suppose 0 = -u - 3, 2*k - 4*u = -s*k + 422. What is the tens digit of k?
0
Let i(d) = d**2 + 7*d - 12. Let t be (-3*(-3)/9)/((-1)/17). What is the tens digit of i(t)?
5
Suppose 0 = -6*c + 668 + 898. Let h = -55 - c. Let o = h - -503. What is the units digit of o?
7
Suppose 5*h - 4*l = 19289, -249*l - 3855 = -h - 251*l. What is the thousands digit of h?
3
Suppose 923550 = 124*w + 26*w. What is the tens digit of w?
5
Suppose 0 = -14*n + 8*n + 55062. What is the units digit of n?
7
Let p(w) = -w**3 + 16*w**2 + 23*w - 7. Let r be 3 - 4 - 1/(-1). Suppose -11 = -l - u + 4*u, r = 4*u - 8. What is the tens digit of p(l)?
9
Suppose 5*i = -2*b + 44996 - 10375, -34607 = -2*b - 3*i. What is the hundreds digit of b?
2
Let g(s) = s**3 - 13*s**2 - 14*s - 10. Let p be g(15). Let w = 336 - p. What is the hundreds digit of w?
1
Let c(w) = 845*w - 65. Let h be c(3). What is the units digit of h/9 + 240/(-540)?
4
Suppose 9*j = 5*j + 28. Let r be (-375)/(-35) + 2/j. Let s(l) = 18*l - 27. What is the tens digit of s(r)?
7
Suppose -2*p = 8, 5 + 2 = r + 3*p. Let v be (-4)/7 + (-7)/(49/(-13332)). Suppose -2*b - v = -r*b. What is the hundreds digit of b?
1
Let z = 41 + -49. Let p be ((45/6)/3 - 2)*z. What is the units digit of (11*-1)/((-7)/(-252)*p)?
9
Let h = -1806 + 4958. Suppose 0 = -2*n + 4*z + h, z = -2*z + 3. What is the tens digit of n?
7
Suppose 2*c - 4100 = -4*x, 0*c = 5*c - 3*x - 10328. What is the hundreds digit of c?
0
What is the tens digit of (-2 - -1)/((-222)/148) - (-77342)/6?
9
Suppose -4*q + 706 = -o, -5*q + 4*o + 512 = -376. Suppose 3*p = 5*p - q. What is the tens digit of p?
8
Let s be 70/18 + -1 - 18/(-162). Let o = -11 + 16. Suppose s*p = 5*m - 84, -4*m + o*p - p = -72. What is the units digit of m?
5
Let r = -31 + 36. Suppose 180 = r*c - c. Let y = -24 + c. What is the tens digit of y?
2
Let m(f) be the third derivative of f**5/20 + 5*f**4/24 + f**3/3 - f**2 + 21*f. Let b be m(4). Suppose -d - b = -213. What is the hundreds digit of d?
1
Let f(r) be the third derivative of -r**6/120 + 7*r**5/30 + r**4/6 - 17*r**3/6 - r**2. Let l = -584 + 598. What is the units digit of f(l)?
9
Let z(v) = -v + 2. Let x be z(0). What is the hundreds digit of x/6 + (-6276)/(-18)?
3
Let p(r) = 2*r**2 + 2*r + 3. Let t be (-18 - -14) + (-8)/(-2). Suppose -2*c - 3*w + 15 = t, -c = -4*w - 2 - 0. What is the units digit of p(c)?
7
Suppose -4*w + 2 = -6. Suppose 0 = 3*n - w*q - 410, -6*n + 4*q = -8*n + 252. Let l = 296 - n. What is the tens digit of l?
6
Let t = 17371 - 10003. What is the hundreds digit of t?
3
Suppose 4*v = 0, 2*p - p - 15952 - 8683 = 4*v. What is the ten thousands digit of p?
2
Let p be ((-66)/10 - -1)/(2/(-55)). Suppose 3*g - n - p = 141, 3*g - 2*n - 299 = 0. Let f = g - 29. What is the units digit of f?
8
Let y(r) = 25*r + 91. Let m be y(14). Suppose -2*o + 2*u = -812, -2*o = u - m - 356. What is the hundreds digit of o?
4
Let z(c) = c**2 + 6*c - 4. Let n be z(-7). Suppose 0 = o - n*t + 8*t - 138, 3*t = -15. What is the tens digit of o/7 - (-14)/(-49)?
2
Let r(k) = 689*k**2 - 194*k - 775. What is the units digit of r(-4)?
5
What is the units digit of (-694 + 0)/((-162)/324)?
8
Suppose 28*n - 12748 + 1828 = 0. Suppose -17*g - 22*g = -n. What is the units digit of g?
0
Suppose -2*y = -4*c + 138980, 0 = 576*c - 581*c + y + 173731. What is the thousands digit of c?
4
Let a = 369 + -201. Suppose h - 4 = 0, a = -4*y + 2*h - 168. Let g = 139 + y. What is the units digit of g?
7
Suppose 3*z + 5*m - 5586 = 0, 54*z - 55*z = 2*m - 1864. What is the units digit of z?
2
Let r = -18 + 31. Suppose 0 = -2*o + r - 1. Suppose 4*q - o*w + 2*w = 0, -3*q + 5*w - 8 = 0. What is the units digit of q?
4
Let b = -9 + 8. Let v be (-5 - 3)/(-2) - b. Suppose 2*n - 5*t = 213, -n + v*t = t - 108. What is the units digit of n?
4
Let f = -250 + 170. Let m = 476 + f. What is the tens digit of m?
9
Let q(l) = 5*l + 162. Let f be 10/(-45) + (-4)/(-18). What is the tens digit of q(f)?
6
Let p(k) = k**2 + 11*k + 24. Let z be p(-10). Let y = 21 - z. Let b(u) = -u**3 + 9*u**2 - u - 27. What is the tens digit of b(y)?
6
Let v = 4353 - 1973. What is the tens digit of v?
8
Let o(g) = 257*g**3 - 11*g + 49. What is the hundreds digit of o(3)?
9
Suppose 85*g = 231*g + 270*g - 17657536. What is the hundreds digit of g?
4
Let z(j) = -74*j - 6 + 120 - 142*j**3 - 13*j**2 + 68*j**2 + 143*j**3. What is the tens digit of z(-56)?
2
Let s(u) = 12*u**3 + 2*u**2 + u - 8. What is the thousands digit of s(5)?
1
What is the thousands digit of -6 + 1231/1 - -16?
1
Let x(v) = -28*v - 1. Let c be x(1). Let n = 32 + c. What is the units digit of (-355)/(-15)*n/1?
1
Suppose -3*u + 2*u = -2*u. Suppose -v = c - 2*c - 89, u = -3*v - 2*c + 262. Suppose n + 68 = 4*h, -4*h - 3*n - n = -v. What is the units digit of h?
8
Let z(m) = -12*m**3 + 4*m**2 + 3*m - 8. Let l be z(4). Let b be l/(-60) - (-5)/(-3). Suppose -6*t = -b*t + 164. What is the units digit of t?
1
Let c be 94/(-329) + 2043/21. Suppose 5*n = -2*z + 8 - 333, 3*z + 186 = -3*n. Let f = c - n. What is the hundreds digit of f?
1
Let m(x) be the first derivative of -x**4/4 + 4*x**3/3 + 21*x**2/2 + x + 91. What is the units digit of m(-9)?
5
What is the units digit of (-1944070)/(-366)*3/1?
5
Let z(s) = -2*s**3 + 15*s**2 + 9*s - 14. Let q(r) = 3*r**3 - 31*r**2 - 18*r + 26. Let d(w) = 3*q(w) + 5*z(w). What is the units digit of d(-18)?
0
Let o(b) = 186*b**2 - 2*b + 1. Let x be (-96)/72*(-6)/8. Let a be o(x). Let u = 281 - a. What is the tens digit of u?
9
Let t(a) = 20266*a**3 - 47*a**2 + 45*a + 1. What is the hundreds digit of t(1)?
2
Suppose -2*r - 3*m - 582 = 0, 0 = 2*r + 5*m + 407 + 183. What is the units digit of r/(-38)*(0 + 130)?
5
Let t(r) = 27*r**3 - 10*r**2 + 87*r - 50. What is the thousands digit of t(5)?
3
Let l(m) = 30*m**2 + 56*m - 185. What is the tens digit of l(13)?
1
Suppose 0 = -0*i - 5*i + 525. Suppose 7*g = 2*g + i. Suppose 10*s - 3*s - g = 0. What is the units digit of s?
3
Let z = -67 - 452. Let i = z - -773. What is the hundreds digit of i?
2
Suppose 4*s = -7*s - 143. Let r(h) = -h - 9. Let o be r(s). Suppose 0*t = -o*t + 556. What is the tens digit of t?
3
Suppose -4*j - 85 = -q, -j + 10 = 15. Suppose 3*s - 2004 = q*x - 67*x, 3*x + 1989 = 3*s. What is the hundreds digit of s?
6
Let g(f) be the third derivative of -f**5/30 + 3*f**4/4 - 17*f**3/6 - 37*f**2. Let v be g(8). What is the tens digit of ((-2)/(-4))/(v/(-158))?
7
Suppose -292910 = 90*k - 66*k - 58*k. What is the hundreds digit of k?
6
Let l(p) = 1081*p**3 + 5*p**2 + 9*p + 24. Let w(i) = -541*i**3 - 3*i**2 - 5*i - 13. Let b(q) = -6*l(q) - 11*w(q). What is the hundreds digit of b(-1)?
5
Suppose -7*v = -0 - 28. Suppose 0*f - f = m - 3, -4*m + v*f + 12 = 0. Suppose 4*o - 129 = o + m*a, -2*o = 2*a - 98. What is the tens digit of o?
4
Suppose 2*a + 3*y - 26238 - 2280 = 0, -5*y = 10. What is the hundreds digit of a?
2
Let l(z) = 6*z**3 - 88 - 15*z + 50 - 7*z**3 - 20*z**2 + 44. What is the units digit of l(-20)?
6
Let q(o) = o + 33. Let l be q(-11). Let h(r) = r**3 - 20*r**2 - 32*r + 22. Let f be h(l). Let y = f + -155. What is the hundreds digit of y?
1
Let f(c) = 81*c + 101. Suppose 32*r - 103 = 345. What is the units digit of f(r)?
5
Let q(k) = -k**3 + 2*k**2 + 3*k. Let m be q(3). Suppose m = 4*u + u - 2310. Suppose 5*c - f = 639, 0 = -5*c - f + 179 + u. What is the hundreds digit of c?
1
Let y = 25223 - 5058. What is the ten thousands digit of y?
2
Let b(z) = z**2 - 18*z - 32. Let r be b(20). What is the units digit of 91*3 - 1 - (-7 + r)?
1
Suppose 6820 = -364*w + 375*w. Let s be (1/(-3))/((-1)/15). Suppose -2*i + 4 = -6, -s*r = 4*i - w. What is the hundreds digit of r?
1
Let p(r) be the third derivative of -r**6/120 - 17*r**5/60 - r**4 + 11*r**3/2 + 103*r**2. What is the tens digit of p(-17)?
4
Let h(a) = -a**3 + 24*a**2 - 46*a + 18. Let y be h(20). Suppose -4